e r(o).
-6
Let b(y) = y**2 - 6*y + 3. Suppose 0 = -3*i + 2*k - 11, 3*k - k - 17 = 5*i. Let s = i - -5. Calculate b(s).
-5
Let w = -182 + 180. Let y(g) be the second derivative of -g**3/6 - g**2 + g. What is y(w)?
0
Let h(o) = -4*o + 5. Suppose 17*f = 19*f - 8. What is h(f)?
-11
Let y(z) = -z**3 - z**2 + z + 1. Let p(b) = 3*b**3 + 3*b**2 + b. Let o(c) = p(c) + 2*y(c). Give o(-2).
-8
Let r(d) = -4*d**3 + 6*d**2 + d - 1. Suppose -4 = 2*p - 4*m + 4, -3*p - 7 = -5*m. Let z(s) = 3*s**3 - 7*s**2 - s + 1. Let j(u) = p*r(u) + 5*z(u). What is j(1)?
-8
Let y(d) = -4*d**2 - d. Let j be (-3)/(-1)*78/9. Suppose 0 = t - x, -3*t + 9 = 4*x - j. Let u = -4 + t. Calculate y(u).
-5
Let x(y) be the first derivative of -y**4/4 + 5*y**3/3 + 3*y - 2. Calculate x(5).
3
Let g be (-34)/(-9) + (-14)/(-63). Let u(k) = 2*k - 3. What is u(g)?
5
Suppose -2*p + 0 - 8 = 0. Let y(j) = j + 6. Let r(t) = 2*t + t + t + 19. Let m(l) = 2*r(l) - 7*y(l). Give m(p).
-8
Let p(b) = b**3 - b - 1. Let z(i) = -3*i**3 - 6*i**2 + 4*i + 8. Let r(j) = -2*p(j) - z(j). Determine r(-6).
6
Let v(t) = -6*t**2 + 6*t - 6. Let w(c) = -3*c**2 + 3*c - 3. Let j(l) = -4*v(l) + 7*w(l). Determine j(2).
9
Let z(u) = -2*u**2 + 4*u - 4. Let n = 56 + -53. Calculate z(n).
-10
Let o(p) = -p**3 - 7*p**2 - 6*p + 2. Let u = -45 - -39. What is o(u)?
2
Let b(y) = 10 + 10*y - 5 + 3 + 11 + 4*y**2. Let o(s) = 2*s**2 + 5*s + 10. Let c(t) = 6*b(t) - 11*o(t). What is c(-3)?
7
Suppose -6*n + 5*x + 3 = -2*n, 0 = 5*n - 2*x + 9. Let l(k) = k - 3. Determine l(n).
-6
Let f(m) = -5*m**3 + m. Let r = 18 + -15. Suppose 5*l - 3*x = -2*x - 10, x - r = -2*l. Calculate f(l).
4
Let a be 8/(3/9*-3*-2). Let d(b) = b**2 - 3*b - 2. What is d(a)?
2
Suppose -2*c + c = o + 3, 5*o + c = -7. Let z(g) be the first derivative of g**2 + g - 5. What is z(o)?
-1
Let t(j) = -j**3 + 12*j**2 + j - 3. Let r(u) = -u**3 + 13*u**2 + 2*u - 3. Let k(m) = -6*r(m) + 7*t(m). Calculate k(4).
9
Let w(a) = -2*a - 58 + 5*a**2 + a + a**3 + 53 - 7*a. Calculate w(-6).
7
Let h(i) = 5*i**2 + i. Suppose g + 3*g = -8. Let f(j) = -j**3 - 4*j**2 + 4*j - 4. Let n be f(-5). Let w = n + g. Give h(w).
4
Let u(r) = 2*r - 5. Let n(x) = x - 1. Let z(w) = 4*n(w) - u(w). Let o be z(2). Let v(p) be the second derivative of -p**3/2 + 2*p**2 - p. What is v(o)?
-11
Let i(q) = -q**3 + 3*q**2 + 1. Suppose -a - 4*a + 10 = 0. Let u be i(a). Let b(w) = -4*w**3 - 2*w**2 + 7*w**2 + 5*w**3 + 1 - u*w. Give b(-6).
-5
Let n(r) = 8*r + 2. Let p(d) = -1. Let l(v) = -n(v) - p(v). Give l(-2).
15
Suppose -4 = -3*p - 1. Let f(n) = -3 + 3 + p - 3 + n. Suppose -2*u = -7*u. Calculate f(u).
-2
Suppose -8 = 4*c + 4. Let h(s) = -2*s**3 + 5*s**3 + 2*s - 1 - 2*s**3 + 0 + 4*s**2. What is h(c)?
2
Suppose w + 3*t = -4*w - 34, 0 = -4*t - 12. Let v(s) be the second derivative of -s**4/12 - 2*s**3/3 - 2*s**2 - 2*s. What is v(w)?
-9
Let b(n) = n**2 + 7*n + 9. Let h be b(-6). Suppose 4*s + 2*m = 0, 5*m - 11 = h*s + 2. Let f(u) = -6*u**2 + 2*u + 1. Calculate f(s).
-7
Let p(m) = 5*m**2 - 2*m - 2. Let q(d) = -d**2 + 1. Let r(k) = p(k) + 3*q(k). Determine r(1).
1
Let r(o) = o**2 + o + 6. Let i be r(0). Let k(v) = v. Determine k(i).
6
Let y = -7 + 9. Let g(q) = -q + q**3 - q - 3*q**3 + q**3 - q**y. What is g(-2)?
8
Let x(p) be the first derivative of -p**4/4 - p**3 + 2*p**2 + 4*p + 32. Let m = 1 - 5. Determine x(m).
4
Let u = -1 - 2. Let x(q) be the first derivative of q**2 - 4*q + 7. Let m(j) = 6*j - 12. Let p(z) = u*m(z) + 8*x(z). Determine p(5).
-6
Let w(r) = -r**3 + 10*r**2 - 7*r - 13. Let l be w(9). Let x(v) = 16*v - 31*v - l + 14*v. What is x(-5)?
0
Let y(u) = u**2 + 3*u + 1. Let i be y(-4). Suppose 4*x - 4 = 0, 0 = -i*z - x + 10 + 16. Let p(b) = -b - z - 2 + 0*b. Give p(0).
-7
Let a(j) = -3*j + 8. Let v(z) = -2*z + 6. Let b(q) = -3*a(q) + 4*v(q). Determine b(6).
6
Let f(t) = -t**2 - 4*t. Let r = 3 + -3. Let q be (3 - 2)*r + -3. Calculate f(q).
3
Let z be (-15)/6*12/(-5). Let g(y) = 9 - y + 2*y - 2*y. Determine g(z).
3
Let d be 4/6 - 4/(-3). Let o be d/(-6) + (-14)/(-6). Let n(m) = m**3 - 3*m**3 + 3*m**3 - 2*m - m**o + 1. What is n(2)?
1
Let x = 28 + -29. Let j(q) = 7*q**3 - q. Give j(x).
-6
Let d(u) = 298*u - 7 - u**2 - 298*u. Determine d(0).
-7
Let r(l) = 5*l - l**2 - 3*l - 4 + 3. Let a(i) = 2*i - 5. Let w be a(5). Suppose -o + 17 = 4*z, -4*o - 5 = -w*o - z. Determine r(o).
0
Let p(w) = -w - 6 - w**2 + 6*w + 2. Let m be (-9)/(-2) + 6/12. What is p(m)?
-4
Let g(p) = p**3 + 7*p**2 + p + 2. Let b be g(-7). Let w(z) = 3*z**3 - 5*z + 19. Let k(a) = -2*a**3 + 3*a - 10. Let l(t) = b*k(t) - 3*w(t). What is l(0)?
-7
Let t(o) = 1. Let m(s) = -s**2 - s + 4. Let h(q) = m(q) + 3*t(q). Let c be 1*5 + (-4 - -5). Let k be c/15 - (-2)/(-5). Give h(k).
7
Let c(i) be the third derivative of -i**4/4 - i**3/6 + 3*i**2. Let p(l) = -9*l - 2. Let s(t) = -8*c(t) + 5*p(t). Calculate s(4).
10
Let d be (3/(-6) - 1)*3/(-9). Let n(c) be the second derivative of 1/6*c**3 + d*c**2 + 0 + 3*c. Determine n(-6).
-5
Let o(v) = 3*v. Suppose -5*l = -2*a + a + 38, 0 = -3*a + 9. Let z be (-30)/l - 6/21. Suppose 4*y - 4*t + 16 = 0, z*t + 4 = -4*y + 2*t. What is o(y)?
-6
Let v be (6/(-7))/(1/7). Let l = 8 + v. Let n(c) = -c**2 + 2*c - 2. Let w be n(l). Let t(s) = 4*s + 3. Calculate t(w).
-5
Let o = 2 + -7. Suppose -n - 3*n + 20 = 0. Let g(b) = -4*b - b**2 + 0*b - n - b. What is g(o)?
-5
Let l(j) = 9 - 3 + j - 12. Give l(0).
-6
Suppose 0 = 3*h - 2 - 13. Let q(p) = -p**2 + 4*p. Calculate q(h).
-5
Let g(b) = b**3 + 2*b**2 - 3*b + 4. Let w be 1 - (-2)/(4/(-10)). Calculate g(w).
-16
Let f(s) = 2*s**3 + s - 1. Let h be f(1). Let j(d) be the second derivative of -d**h + 0 - d + 1/6*d**3. Give j(4).
2
Let f = -15 - -10. Suppose 4*g = 6 + 2. Let p(n) = n**g + 4*n + n - 3*n + 3*n - 2. Give p(f).
-2
Let t be 12/54 + (-68)/(-18). Let v(d) be the first derivative of d**2 + 3*d + 2. Calculate v(t).
11
Suppose 7 = -k - 2. Let n(a) = a**3 + 8*a**2 - 9*a - 1. Calculate n(k).
-1
Let o(m) be the third derivative of -m**6/60 + m**5/60 + m**4/24 + m**3/6 - 9*m**2. Give o(-1).
3
Let l(s) be the second derivative of s**5/20 - 5*s**4/12 + 2*s**3/3 + s. Suppose -z = -6*z. Suppose -3*h = 5*k - 4, z = 2*h - 0*h - 5*k - 11. What is l(h)?
-6
Let g(z) = -z**2 + 21*z + 13. Let s be g(22). Let p(q) = -q**2 - 10*q - 3. Determine p(s).
6
Let u(v) = 5 - v**3 + 4*v**2 + 3*v + 7 - 5. Suppose -112 = -5*h + h. Let j be (-1)/(-3) - h/(-6). What is u(j)?
-3
Suppose 2*u - 5*k - 4 = -1, -5 = 5*k. Let f be u + 4*(-12)/(-16). Let p(r) = -2*r + 2. Calculate p(f).
-2
Let l = 20 + -10. Suppose 7*v - l = 2*v. Let g(s) = s**2 + 2*s + 1. What is g(v)?
9
Suppose j + 9 = 4*j. Let f(b) = 2*b - 1 - j*b + 2 - b. Let p be (-2 - -2*2) + -3. What is f(p)?
3
Let j(f) = 5*f - 5. Let v(z) = -14*z + 15. Let c(i) = -17*j(i) - 6*v(i). Suppose 0 = 3*b - 2 - 13. Determine c(b).
-10
Let c(a) = 2*a + 2. Let v(t) = 0 - 1 + 2. Let n(q) = 2*c(q) - 4*v(q). Calculate n(1).
4
Let a(c) = -c**2 - 3*c - 1. Suppose -5*w = -4*j - 16, 2*j + 5*w - 4 = 3*j. Determine a(j).
-5
Suppose 3 = i + h - 0, -2*i + 3*h = -11. Suppose -i*z = -z - 12. Let k(a) = -2*a - 5*a**3 + 4 + 4*a - 5*a**2 + 6*a**3. Give k(z).
-4
Let f(g) = g**3 - 2*g**2 - 3*g + 1. Suppose -5 = -6*c + 13. Determine f(c).
1
Let u(r) = -r. Let x(f) = -f**3 + 4*f**2 + 3*f + 2. Let w(q) = 3*u(q) + x(q). Determine w(2).
10
Let a(s) = 3*s**3 + s**2 + s - 1. Let v be a(1). Let h(l) = l**2 + 8*l - 2*l**2 - 12*l + 9*l + v. Let m = -9 + 15. Give h(m).
-2
Let n(d) be the first derivative of -4/3*d**3 + 3 - 2*d - 1/4*d**4 - d**2. Suppose -2*r - 2*r = 16. Calculate n(r).
6
Let h(b) = -2*b - 8. Let o be 0 - 8 - (-10 + 8). Determine h(o).
4
Let i(s) = -3*s + 1 - s**2 + 5*s + s - 2*s. Calculate i(-2).
-5
Suppose 7 - 15 = -2*j. Let t(f) = j*f**2 - 4*f**2 - f + 0*f + f**2. Give t(3).
6
Let t(l) = l**2 + 7*l - 3. Let k(r) = 2*r**2 + 13*r - 6. Let j(o) = -3*k(o) + 5*t(o). Suppose 24 = a + 3*a. Suppose 3*u = a - 0. Calculate j(u).
-9
Suppose -3*h = 6, -3*x + 46 = -3*h - 2*h. Suppose 0 = g + 5*c + 8, -2*c - x = -5*g - c. Let j(u) = -9*u**2 + g - 2 - u - 1. What is j(-1)?
-9
Let o = -26 - -22. Let n(h) = h + 3. Give n(o).
-1
Suppose 5*p + 11 = 3*x, -2*x = 6*p - 3*p - 1. Let v(s) = -s + 1 + 0*s + x*s - 3*s. Determine v(3).
-5
Let a(d) = -2*d - 11. Let o(s) = s + 10. Let m(r) = -2*a(r) - 3*o(r). What i